/(-65))/(-3*(-2)/195). What is the highest common factor of t and 39?
13
Suppose 3*i - 16 = -4*j, 12*j + 50 = 5*i + 14*j. Suppose -5*c = -5*l + 125, 3*l - 4*c = -2*c + 74. What is the greatest common divisor of i and l?
12
Let j = -18 - -22. Suppose 2*n + j*c = -12, 4*c = -n - 0*c - 14. What is the highest common divisor of 16 and n?
2
Let s(k) = -5*k + 30. Let d be s(-6). Suppose 4*y - 90 = -3*l, l = -y - 0*y + 22. Calculate the highest common factor of d and y.
12
Let x be 715/26*(-138)/(-15). What is the greatest common divisor of x and 11?
11
Let f = -16 + 21. Suppose f = h + 2. Suppose -h*c = 3*r - 27, -2*c + 3*c = 0. What is the highest common divisor of 6 and r?
3
Suppose -5*x + 195 = 3*w - 4*x, 0 = 3*w - 2*x - 195. Calculate the greatest common factor of 52 and w.
13
Let o(b) = -b**2 + 6*b - 6. Let f be o(5). Let z be 1*-1 - 14/f. Let p = 1380 + -1367. Calculate the greatest common factor of p and z.
13
Let y = 6 - 5. Let a(d) = 18*d - 1. Let p be a(y). Calculate the highest common factor of 51 and p.
17
Let t = -93 + 93. Suppose -p + 4*u + 8 = t, -2*u = -p - u + 11. What is the greatest common factor of 18 and p?
6
Suppose -8*g - 6 - 90 = 0. Let u be 2/(-2)*5 - g. Calculate the greatest common factor of u and 63.
7
Let v be 12 - (3 - -4) - -12. What is the greatest common divisor of v and 187?
17
Let z = 13 - 9. Suppose -2*r + 20 = 2*r, -z*c = -5*r - 39. Calculate the greatest common divisor of 144 and c.
16
Suppose 2385 = 6*y + 2217. What is the greatest common factor of 36 and y?
4
Let d(w) = -6*w - 81. Let h be d(-14). What is the greatest common factor of 33 and h?
3
Let z = -1 + 6. Let w(b) = 8*b - 4. Let f be w(z). Suppose 6*a - f = 2*a + 2*y, -4*y = 8. Calculate the highest common divisor of 4 and a.
4
Suppose 0 = -2*x + 45 + 81. Let k = -63 + 105. What is the greatest common factor of k and x?
21
Let a(h) = 4*h**2 + 20*h + 68. Let r be a(-13). Calculate the greatest common factor of 132 and r.
44
Let l be 30/4*20/30. Suppose 5*q - 6*x + 17 = -2*x, q - 5*x - l = 0. Let h be (-690)/3*q/10. Calculate the highest common factor of 23 and h.
23
Let k(j) = 57*j - 12. Let r be k(1). Calculate the highest common divisor of r and 5.
5
Suppose 0 = -292*j + 272*j + 720. Calculate the greatest common divisor of 732 and j.
12
Suppose -5*v = -10, -v = 3*d - 1308 + 136. What is the highest common factor of d and 26?
26
Let y be 0/1 - (4 - 11). Suppose -x - 2 = -y. Suppose -c - 3 = -x. Calculate the greatest common divisor of 1 and c.
1
Let k(t) = t**2 - 26*t - 17. Let a be k(27). Calculate the greatest common divisor of a and 100.
10
Suppose -2*j - 18 = -5*z, -3*z - j = -z - 9. Suppose 11 = -2*c + z*c - 5*w, c + w - 9 = 0. Let u = 17 - c. What is the highest common factor of u and 63?
9
Let d(o) = -o**3 - 3*o**2 - 2*o - 17. Let c be d(-5). Calculate the greatest common factor of c and 1247.
43
Let z be 10 + 0/(1 - -2). Suppose -9 = -d + 4*n, n + 2*n + z = d. Suppose 7*g - 4*g - 39 = 0. What is the highest common factor of g and d?
13
Let w = -14 + 64. Calculate the greatest common factor of w and 75.
25
Suppose -24*k + 17*k + 98 = 0. Suppose t + 2*g - 121 = -3*g, -377 = -3*t - g. What is the highest common divisor of k and t?
14
Suppose y - 365 = -4*y - v, 2*v = 4*y - 278. Suppose y = 8*s - 0*s. Calculate the greatest common divisor of s and 1.
1
Let d(q) = -q**3 + 3*q**2 + 3*q - 1. Let l be d(3). Suppose 0 = 6282*j - 6258*j - 192. What is the greatest common divisor of l and j?
8
Suppose -h - 2*f = 7 - 53, 0 = 5*h - 5*f - 140. Let k(q) = 5*q**2 - 2*q. Let z be k(-3). Calculate the highest common divisor of z and h.
17
Let g = 124 + 41. Let a be 22/33*(-30)/(-4). Suppose a*s - 48 - 23 = -2*v, -3*s + 37 = 4*v. Calculate the greatest common divisor of g and s.
15
Let u(c) = 10*c + 60*c - c + 2 + c. Let b be u(1). Calculate the greatest common factor of 8 and b.
8
Let i(g) = g**2 + 3*g - 12. Let q be i(6). Suppose -5*b - b = -q. Calculate the greatest common divisor of b and 56.
7
Suppose -4*d = -9*d + 25. Let h = d + 3. Suppose -3*u = -4*u + 56. What is the highest common divisor of u and h?
8
Let m(d) = -74*d - 14*d - 12 + 28 - 42*d. Let x be m(-2). Calculate the highest common factor of x and 12.
12
Suppose 0 = 6*n - 2*n - 64. Suppose -r = -2*q - 176, 3*q - 352 = 4*r - 6*r. What is the greatest common divisor of n and r?
16
Suppose 3*z + 4*t = 100 + 139, 5*z = -t + 387. Calculate the greatest common factor of z and 33.
11
Suppose 2*n = 4*x - 3504, 3*x + 0*n = -n + 2623. Calculate the greatest common factor of 7 and x.
7
Let z be ((-3)/1 - -14) + -1. Suppose -3*l - 182 = -z*l. Calculate the highest common factor of l and 208.
26
Suppose -2*j - 64 = -k - 4*j, 350 = 5*k - 5*j. Calculate the greatest common factor of k and 17.
17
Let n(a) be the first derivative of a**3/3 + 7*a**2/2 - 14*a + 4. Let t be n(-14). Suppose 0 = -5*i + i + t. Calculate the highest common factor of i and 3.
3
Let m be 745/35 + (-4)/14. Let a be (m/1)/(-3 + 27/6). What is the greatest common divisor of a and 14?
14
Let a(j) = -6*j**2 - j + 55. Let q be a(0). Let f = 4 - -1. Calculate the highest common factor of q and f.
5
Let b(w) = w**3 - 7*w**2 + 8*w - 8. Let k be b(6). Let r be (-1)/k + 18/8 - -1. Suppose 0 = -2*j - 2*j + 36. What is the greatest common divisor of r and j?
3
Let k(w) = 35*w - 272. Let y be k(8). Calculate the highest common divisor of 32 and y.
8
Suppose 30279 = 76*x - 82125. What is the greatest common factor of x and 29?
29
Suppose 0 = -6*x + 3*x - 117. Let i be 2 + -5 + x/(-3). Suppose -4*u + y + 117 = 0, 5*u - 4*u - 5*y = 15. Calculate the highest common factor of i and u.
10
Suppose -945 = -24*u + 399. What is the greatest common divisor of 256 and u?
8
Suppose 24*n - h = 19*n + 251, h = 2*n - 98. What is the highest common factor of 289 and n?
17
Suppose 4*q - 382 = -2*p, -3*q + 567 = 2*p + p. Calculate the highest common factor of 66 and p.
11
Let c be (7/2)/(4/8). Suppose 16 = 11*i - c*i. Suppose 0 = -4*w + i + 44. What is the greatest common factor of 96 and w?
12
Let q(l) = l - 3. Suppose 3*a - 12 = 12. Let z be q(a). Suppose -4*t - 1 = -z. What is the highest common factor of t and 5?
1
Let i be -9 + 206 - 7 - -8. Let g = -45 - -67. Calculate the greatest common factor of g and i.
22
Let x = 140 + 13. What is the greatest common factor of 204 and x?
51
Let f = 73 - 25. Let i = -27 + f. Calculate the greatest common divisor of 3 and i.
3
Suppose -23*t + 26*t = -408. Let n = t - -280. What is the highest common divisor of n and 16?
16
Let d be (-80)/20 - -1*7. Let n(l) = l**3 - 8*l**2 - 8*l - 8. Let c be n(9). What is the highest common divisor of c and d?
1
Let d be -2 + (-3)/6*-8. Suppose 0*q = q + 1, 0 = -d*a + 5*q + 17. Suppose -7*n = -4*n - 72. What is the highest common factor of n and a?
6
Suppose -48*j + 14778 = 1722. Suppose -116 = -g - 3*g + 4*q, 4*g = 3*q + 121. Calculate the highest common factor of j and g.
34
Let z be (-73719)/(-36) - (7/4 - 2). Calculate the highest common divisor of z and 8.
8
Let d(q) be the first derivative of q**2/2 + 8*q - 7. Let l be d(-6). What is the highest common divisor of 10 and l?
2
Suppose -5*y + 2*a + 241 = 75, 3*y + 4*a = 84. Suppose -35 + 7 = -k + 2*m, 4*m + y = k. What is the highest common divisor of k and 8?
8
Let g = 187 + -75. Suppose -5*n + 37 + 140 = 4*v, -2*v + 2*n + 102 = 0. What is the greatest common factor of v and g?
16
Suppose 0*g + 4*g = 3*s - 27, 0 = g. Suppose -v + s = 3. Let i = 9 - -3. What is the greatest common factor of i and v?
6
Suppose 5*g - 302 = -2*r + 216, 3*r + 5*g = 777. Let i = 421 - r. Suppose 4*j - 169 - 47 = u, 2*u = 3*j - i. What is the greatest common divisor of j and 18?
18
Let a = -24 - -24. Let g be 12/((1 - -1) + a). What is the highest common divisor of g and 6?
6
Let y be 13/(9 + -8 - 0). What is the highest common divisor of 4 and y?
1
Suppose -4*j = -4*a, -a = a + 3*j + 25. Let p be (1/(-1) - 0)*a. What is the greatest common divisor of p and 15?
5
Let i = -173 + 177. Calculate the highest common factor of i and 20.
4
Suppose -12 - 23 = -5*j. Suppose -10*n + 192 = -j*n. What is the greatest common factor of n and 16?
16
Suppose 68 + 86 = 7*n. Let w(y) = y**3 + 11*y**2 + 8*y + 9. Let u be w(-9). Calculate the highest common divisor of n and u.
11